luate (287 + -268 - (0 + -1)) + -5 - (49 - -4).
-38
Calculate -598 + 630 - (74 + -1).
-41
What is (17 - (16 + -2)) + 20 + -13?
10
Calculate 60 + -162 + 71 + 92 + -1.
60
Calculate (693 - 686 - (-1 - -74)) + 14.
-52
What is the value of -24 - (-10 - (-8 + 18 - -59))?
55
What is 5 + -1 + 4 + (-49 - (-46 - -58))?
-53
What is the value of -52 + (-343 - -330 - (-33 - -1))?
-33
What is the value of 3 - -20 - (1 + 40)?
-18
Evaluate -50 + 6 + (-12 - -8 - (1 + 8 - 16)).
-41
(9 - 9 - 4) + (3 + 2 - -2 - -37)
40
What is (-1 - 25) + (-7207 - -7256)?
23
-15 + -15 - 19 - -105
56
What is the value of -28 - (-117 + 3 + 29)?
57
-5 + 12 + -19 - -1 - (16 - (7 + -16))
-36
Calculate (47 - (-22 + 58)) + (1 - 2 - -26).
36
What is the value of (56 - 53) + 3 + -6 + -11 + (-51 - 3)?
-65
What is the value of (-12131 - -12141) + -20 + -1 + 1 + (-2 - 43)?
-55
Calculate 95 + -59 + -45 + -50.
-59
What is the value of 131 - (65 + -41 + (0 - 16))?
123
Calculate 4 + (9 + 7 - 11) + -7 + 1.
3
What is -13 - ((-2 - (0 - 0)) + -2) - (1443 + -1500)?
48
-14 - 2 - (-1339 - -1366)
-43
Evaluate 0 + (32 - 29 - (-6 + 2 + 51)).
-44
What is the value of (1097 - 973) + (-4 - 11)?
109
Calculate 306 + -383 - (31 - (1 + 2)).
-105
Evaluate -83 + 1 - (-22 - -23 - -15 - 22).
-76
What is 2 + 3 + 3 + (-27 - -142) + -15?
108
Calculate (-5 - -13) + -6 + -135.
-133
(274 - 259) + -66 + 12 + -6
-45
What is 117 + -220 - (-15 + -83)?
-5
What is 6 + -47 + 28 + -112 + 9 + 14?
-102
Calculate 36 - (-115 - (-51 + -29)).
71
(14 - 0) + 6 + (52 - 50)
22
What is the value of -15 + (49 - 48) + -34?
-48
(15 - 1) + (-4 - (-26 - -22) - 3) - 66
-55
What is the value of -55 - ((10 - 38) + -31 + 57)?
-53
Evaluate 5 + (-19 + (-10 - -9) - -2).
-13
Calculate -370 + 264 + (0 - -4) + 6 + -15 + 18.
-93
What is -3 + 27 - (-999 - -1019)?
4
-91667 - -91673 - (67 - (0 - 1) - 0)
-62
12 - (10 + -96) - 57
41
(32 - (-6 - -17)) + 64
85
-11 - (-5 + -12 - 0 - -54)
-48
-3 + (37 - 53) + -49 + -25
-93
Evaluate 0 + -2 - (444 + -442) - -33.
29
Evaluate -33 + -19 + 12 + 52.
12
Evaluate (-20 + 17 + -30 - -24) + 1.
-8
What is -117 - (134 - 210) - 11?
-52
Evaluate -85 - (40 - (47 + 38)).
-40
What is (0 + 9 - 19 - -10) + (-4 + -55 - -1)?
-58
Evaluate (20 - 57 - 13) + (7 - -5).
-38
-4 + (-55 - (-47 + 17)) - 13
-42
Calculate 1 - (-32 + 14 - -30).
-11
(1 + -1 - (56 + -48)) + -3 + 46
35
Calculate -105 - (63 - 74) - (-6 - -26).
-114
Calculate (21 - 1) + (-24 - 35 - -49) - 7.
3
Evaluate (-224 + 141 - -83) + 0 + 71.
71
What is the value of 25 - (39 - (-21 + 62))?
27
Calculate 166 + -371 + 218 + (0 + -30 - (7 + -6)).
-18
Calculate 63 + (43 + 3 + -39 - (-10 + 1) - 11).
68
What is 143 + -253 + 138 - (4 - (0 + 0))?
24
Evaluate -75 + (14 - (-4 + -5)) - -13.
-39
What is the value of 487 + -445 - (42 + -1)?
1
Calculate 18 + 2 + -2 - (-13 - -50 - 38).
19
-45 + 20 + 33 + -3
5
3 + 13 + -2 + -4 + -14 - (16 - -1)
-21
Calculate 30 + (4 + 0 - (-6 - (-1 + -16 + 7))).
30
What is the value of (8 - 18) + 3 + -7 + 6 + 0 + 21?
13
3393 + -3301 - (46 + -1)
47
What is (27 - ((-4 - -15) + 5)) + -5 - -3?
9
Evaluate 1 + 3 + -13 + (17 - 20) + -5.
-17
8 - ((1 - 11) + (62 - (-11 + 7 + -6)))
-54
What is the value of (-189 - -319) + 12 + -88?
54
Evaluate 26 + (8 + -23 - 1).
10
What is -28 + (-17 - -14) + 44 + (0 - 49)?
-36
What is 30 + -76 + (29 - -34)?
17
Calculate 20 + 33 + -5 - 23 - -36.
61
6 - (58 + (-61 - 2) + 69 + 1 + 2)
-61
What is 9 + -50 + (-10 - -61)?
10
Evaluate (-24 - -15) + 20 + (-15 - -78).
74
Calculate (108 - -2) + -9114 + 8942.
-62
What is -28 - ((100 - 117) + 30 + -1 - (19 - -2))?
-19
What is -96 + -137 + 81 + 101?
-51
What is 5 - (-78 - (-48 - -17) - 26)?
78
Calculate -65 - ((-32 - 50) + -38).
55
Calculate 4 - (-33 + (-8 - -37)) - ((-30 - -1) + 0).
37
What is 19 + (0 - 20) + 11 - (-6 - -63)?
-47
Calculate 43 + (-18 - -10) - (-46 - -33).
48
4 + -7 - (-61 + 88)
-30
What is -4 - (-12 + 13 - 9) - (0 + 51)?
-47
-36 + (-77 - -59) + 8
-46
What is the value of (-27 - (-16 + 23 + -42)) + (-33 - 0)?
-25
Evaluate -12863 - -12949 - (14 - -1).
71
Calculate -365 + 320 - (0 - 45).
0
Evaluate (-62 - (34 + -118)) + (0 - 103).
-81
What is -163 - -4 - (1087 + -1143)?
-103
What is -80 - 0 - (329 + 61 + -368)?
-102
Evaluate (20 - 19 - 8) + -1 + 9 + -7 - 21.
-27
What is the value of -169 - -171 - (9 + -2 + -32 + 16)?
11
What is the value of (-153 - -39) + 3 + -10 + 19?
-102
Evaluate -15 + (26 - -47) + -52.
6
Evaluate -44 + 4 + 75 + -63.
-28
What is the value of -23 + 36 + 1 - ((1 - 0) + -13)?
26
What is the value of (24 - (91 - (6 + -7))) + 25?
-43
Calculate -10 + (77 - (115 - 29)) + (-1 - (32 + 2)).
-54
What is the value of (-76 - (8 - 82)) + (-2 - 5)?
-9
Calculate -5 - ((-12 - (18 + 70 - 15)) + 12).
68
63 - (22 + -28 + 33) - 37
-1
Calculate -162 + 152 + 0 + 2 + 78 + 18.
88
6 + 6 + 2 + 4 - (24 + -72)
66
Calculate 147 - 271 - -98 - 82.
-108
Calculate (107 - 112) + -14 + -1.
-20
What is the value of 25 + -82 - (0 - (-21 + 48))?
-30
What is (-19 + 33 - 0) + -46 + 12?
-20
95 + -5 + 2 + (415 - 421)
86
What is the value of 43 + (-20 - -36) + -109?
-50
What is -8 + (36 - (-5 - -11)) + -51?
-29
Calculate -3 + -54 + 2 + 4 - (-8 + (33 - 36)).
-40
52 - 3 - -1 - 2 - (-6 + 13)
41
What is the value of 76 + ((4 - -14) + -14 - 20) + 2 + -9?
53
Calculate (-4 + 17 - (134 + 8)) + (-77 - -93).
-113
What is 6 + (-9 + (26 - 19) - 20) - 82?
-98
6 - (-4 - (14 + (8 - 21 - 15)))
-4
Evaluate (28 - (-79 - -40) - -2) + 1 + -1.
69
6 - (35 + (-40 - -19) + 0)
-8
Evaluate 19 + -79 + 50 - (8 + -2 - 5).
-11
What is (52 - (19 - -23)) + 39 + -2?
47
Evaluate -21 + 12 + -26 + -12.
-47
Calculate (1 - (5 - -2)) + -18 + 7 + -10 + 97.
70
What is the value of -85 + 13 + 27 + 21?
-24
-1 + -7 + (-77 - -79) - 1 - (20 - 33)
6
What is the value of (-1531 - -1632) + (2 - 55)?
48
(-19 - -13) + (16 - (-26 - (-1 - -13)))
48
Calculate 1 - (-2 - -1) - (-1435 + 1470) - 2.
-35
-66 + (27 - 35) + 0 + 7
-67
-9 + 25 + -76 + 40 + -20
-40
What is the value of (-20 - -4) + 28 - -29?
41
What is the value of 6 + 1 + (-4 - -6) + (14 - 18 - -13)?
18
What is 3 + (-4 + 3 - (28 + -11 + 6))?
-21
Calculate 70 + 8 + -47 + (2 - 12) + 4 + 1.
26
Evaluate -61 - (-43 - (-24 + 87)).
45
What is ((0 - 64) + -2 - (4207 - 4226)) + -16?
-63
Calculate -43 - (13 - (63 + -43)).
-36
Calculate 148 + -32 + (1 - -3) + (-3 - (-9 - 7)).
133
(34 - -1) + (-16 - (-15 - -7 - 3))
30
(-9 - -22) + (-13 + -3 - 1 - -7)
3
Evaluate -6 + (9 - (-4 - -8)) - (164 - 64).
-101
53 - (94 - 37) - (-59 - (0 + 3))
58
58 - (-53 - -55) - 1
55
-7 - (-6 + 0 + -10 + (17 - 4))
-4
-2 + 1 + -197 + 183 + (28 - 4)
9
16 - (27 - -18) - (-5 - (11 - 9))
-22
Evaluate (160 - 205) + (25 - -3).
-17
Calculate 30 + -16 - (22 + -9 - (1 + 11)).
13
(2 + -29 - -21) + 0 + -2
-8
Evaluate 6337 + -6318 + -25 + 1 + -1.
-6
What is 121 - (-29 - (-3 + (-10 - 25)) - (-1 - -13))?
124
What is the value of -19 + (6 - (11 + -14)) + 93?
83
Evaluate -70 + (-7 - (-64 + -3 + 41)).
-51
-246 - (-50 + -98) - -138
40
Calculate (4 - 1) + -203 + 198 - -5.
3
Calculate -75 + 102 + -205 + 99.
-79
-18 + 118 + -95 + 1 + -10
-4
51 + (-43 - 5) - 15
-12
What is the value of -43 + 50 - (-106 + 14 + 20)?
79
What is the value of -211 - -222 - (90 + (6 - 10 - 1))?
-74
Calculate -56 + 37 + -29 + 36.
-12
What is 6 + (-106 + -1 - (66 - (42 + 30)))?
-95
Calculate 4 - (-9 - (26 + 5 + -14 + 3)).
33
52 - (-23 - (-7 + -41))
27
-1 - -78 - (-11 + 40 + 20 + -50)
78
What is the value of 2 + 5 - -2 - (25 - 24) - 44?
-36
What is the value of (9 - (-2 - (-12 + 1)) - 6) + -22 - -3?
-25
-72 - (-9 + 76 + -81)
-58
What is -72 - -24 - -26 - -2?
-20
What is the value of 1 + 23 + 84 + 64 + -171?
1
Evaluate (-10 - -5) + 10 + 10 + 17.
32
Evaluate (103 - 0) + (-27 + -2 - (-11 - 20)).
105
50 + 10 + -49 + (118 - 12)
117
Evaluate (36 - 1) + -33 + (4 - -23) + 6.
35
What is the value of 23 + 11 + -30 + -21 + -31?
-48
Evaluate (13562 - 13571) + -4 + -2 + 2.
-13
What is 12 - (10 - 11) - (-11 + 4)?
20
Calculate -14 + (-72 + 70 - (7 + 2)) - -4.
-21
What is the value of 115 + -70 + 33 + -60?
18
Calculate (9 - (46 + -29)) + 15 + 128 + (-11 - 1).
123
7 - ((-7 - -2) + (-2 - -3) + 1824 + -1832)
19
64 + (-107 - -120 - 168)
-91
What is 1 - ((-20 + 17 - -16) + -20) - -12?
20
Calculate 2470 + -2466 + (17 - 1 - (1 - 0)).
19
Calculate -5 - ((-29 - 7) + -2) - (-18 + 3).
48
Calculate 129 - ((31 - 136) +